9067.
3, 179689
What are the prime factors of 923717?
337, 2741
List the prime factors of 27061805.
5, 113, 211, 227
List the prime factors of 382397.
127, 3011
List the prime factors of 13269228.
2, 3, 7, 47, 3361
List the prime factors of 743677.
11, 67607
What are the prime factors of 351627?
3, 117209
What are the prime factors of 627762?
2, 3, 23, 4549
List the prime factors of 12708143.
7, 1815449
What are the prime factors of 38873?
38873
List the prime factors of 107430.
2, 3, 5, 3581
List the prime factors of 13973915.
5, 17, 79, 2081
List the prime factors of 355716.
2, 3, 41, 241
What are the prime factors of 166462?
2, 83231
List the prime factors of 71089.
71089
List the prime factors of 22530414.
2, 3, 3755069
List the prime factors of 3288284.
2, 127, 6473
List the prime factors of 3951015.
3, 5, 263401
List the prime factors of 14963429.
13, 37, 2393
What are the prime factors of 1901280?
2, 3, 5, 17, 233
List the prime factors of 12162548.
2, 17, 383, 467
What are the prime factors of 16100396?
2, 13, 309623
What are the prime factors of 6302467?
43, 103, 1423
What are the prime factors of 8879181?
3, 107, 139, 199
What are the prime factors of 1213453?
59, 131, 157
What are the prime factors of 282059?
282059
List the prime factors of 19873243.
13, 271, 5641
What are the prime factors of 377332?
2, 17, 31, 179
List the prime factors of 158714.
2, 79357
List the prime factors of 2493189.
3, 277021
List the prime factors of 2215284.
2, 3, 184607
What are the prime factors of 282033?
3, 31337
List the prime factors of 6658400.
2, 5, 7, 29, 41
What are the prime factors of 1511921?
1511921
List the prime factors of 1441935.
3, 5, 11, 971
List the prime factors of 413400.
2, 3, 5, 13, 53
What are the prime factors of 2998847?
31, 96737
What are the prime factors of 434197?
17, 25541
List the prime factors of 1082478.
2, 3, 180413
What are the prime factors of 6666342?
2, 3, 1111057
List the prime factors of 556961.
37, 15053
List the prime factors of 61270.
2, 5, 11, 557
List the prime factors of 30905726.
2, 113, 136751
List the prime factors of 444097.
101, 4397
What are the prime factors of 86714?
2, 191, 227
List the prime factors of 912274.
2, 11, 41467
List the prime factors of 18588800.
2, 5, 37, 157
What are the prime factors of 1606232?
2, 200779
What are the prime factors of 439993?
61, 7213
List the prime factors of 26908.
2, 7, 31
What are the prime factors of 324191?
7, 29, 1597
What are the prime factors of 1547188?
2, 181, 2137
What are the prime factors of 560164?
2, 11, 29, 439
List the prime factors of 11983056.
2, 3, 249647
What are the prime factors of 336380?
2, 5, 11, 139
List the prime factors of 364352.
2, 5693
List the prime factors of 3327369.
3, 1109123
List the prime factors of 1359977.
1359977
What are the prime factors of 73707?
3, 79, 311
List the prime factors of 463354.
2, 231677
List the prime factors of 172085.
5, 127, 271
What are the prime factors of 554251?
17, 32603
What are the prime factors of 484214?
2, 239, 1013
List the prime factors of 29097.
3, 53, 61
What are the prime factors of 282448?
2, 127, 139
What are the prime factors of 1775737?
1775737
What are the prime factors of 14408139?
3, 43, 61, 1831
What are the prime factors of 2058692?
2, 41, 12553
What are the prime factors of 2843305?
5, 29, 19609
What are the prime factors of 141813?
3, 7, 2251
What are the prime factors of 2880295?
5, 11, 52369
List the prime factors of 84355.
5, 16871
What are the prime factors of 992829?
3, 330943
List the prime factors of 9065607.
3, 17, 149, 1193
List the prime factors of 62319.
3, 20773
List the prime factors of 1317670.
2, 5, 17, 23, 337
List the prime factors of 16360733.
16360733
What are the prime factors of 1478402?
2, 739201
What are the prime factors of 48082?
2, 29, 829
What are the prime factors of 592375?
5, 7, 677
List the prime factors of 3292607.
487, 6761
What are the prime factors of 15460366?
2, 509, 15187
What are the prime factors of 537326?
2, 23, 11681
What are the prime factors of 1040116?
2, 7, 11, 307
What are the prime factors of 618860?
2, 5, 11, 29, 97
What are the prime factors of 1714497?
3, 41, 53, 263
What are the prime factors of 222282?
2, 3, 53, 233
What are the prime factors of 198641?
198641
List the prime factors of 4019471.
1663, 2417
What are the prime factors of 743282?
2, 59, 6299
What are the prime factors of 9522207?
3, 23, 157, 293
List the prime factors of 28437934.
2, 7, 290183
List the prime factors of 3651891.
3, 1217297
What are the prime factors of 14658168?
2, 3, 7, 87251
List the prime factors of 12029375.
5, 19, 1013
List the prime factors of 287604.
2, 3, 2663
List the prime factors of 761787.
3, 13, 17, 383
What are the prime factors of 13341443?
653, 20431
List the prime factors of 33263547.
3, 19, 601, 971
List the prime factors of 20940464.
2, 17, 167, 461
List the prime factors of 149044.
2, 7, 5323
List the prime factors of 103333.
103333
List the prime factors of 490489.
571, 859
List the prime factors of 9014.
2, 4507
List the prime factors of 3623895.
3, 5, 11, 7321
What are the prime factors of 6759993?
3, 103, 131, 167
What are the prime factors of 217462?
2, 7, 317
What are the prime factors of 2399397?
3, 7, 11, 13, 17, 47
What are the prime factors of 925146?
2, 3, 103, 499
List the prime factors of 6586492.
2, 11, 107, 1399
List the prime factors of 1864990.
2, 5, 29, 59, 109
What are the prime factors of 3664764?
2, 3, 11311
List the prime factors of 370075.
5, 113, 131
List the prime factors of 2680685.
5, 7, 191, 401
List the prime factors of 20148830.
2, 5, 13, 154991
List the prime factors of 1553700.
2, 3, 5, 5179
What are the prime factors of 314275?
5, 13, 967
List the prime factors of 13281759.
3, 109, 4513
List the prime factors of 8580683.
563, 15241
What are the prime factors of 667804?
2, 73, 2287
What are the prime factors of 22085376?
2, 3, 149, 193
List the prime factors of 78418.
2, 39209
List the prime factors of 4360928.
2, 11, 13, 953
List the prime factors of 35504321.
733, 48437
What are the prime factors of 1052510?
2, 5, 105251
What are the prime factors of 4281651?
3, 11, 61, 709
List the prime factors of 13039036.
2, 197, 16547
List the prime factors of 142357.
142357
List the prime factors of 735715.
5, 269, 547
List the prime factors of 844656.
2, 3, 17597
What are the prime factors of 6539829?
3, 53, 41131
What are the prime factors of 155536?
2, 9721
What are the prime factors of 1154486?
2, 61, 9463
What are the prime factors of 14207226?
2, 3, 11, 215261
List the prime factors of 2127245.
5, 59, 7211
What are the prime factors of 335711?
19, 17669
List the prime factors of 136721.
13, 809
What are the prime factors of 15552834?
2, 3, 11, 71, 3319
What are the prime factors of 168537?
3, 56179
List the prime factors of 4212368.
2, 263273
What are the prime factors of 167301?
3, 29, 641
What are the prime factors of 6158558?
2, 7, 401, 1097
List the prime factors of 106630.
2, 5, 10663
What are the prime factors of 5964437?
37, 161201
What are the prime factors of 2199896?
2, 19, 41, 353
What are the prime factors of 5166781?
863, 5987
List the prime factors of 2038197.
3, 7, 71, 1367
What are the prime factors of 233238?
2, 3, 38873
List the prime factors of 671966.
2, 179, 1877
List the prime factors of 4303130.
2, 5, 13, 79, 419
List the prime factors of 12906979.
23, 561173
What are the prime factors of 69914?
2, 13, 2689
List the prime factors of 511598.
2, 17, 41, 367
What are the prime factors of 10978?
2, 11, 499
List the prime factors of 4147035.
3, 5, 19, 14551
What are the prime factors of 23053871?
1637, 14083
What are the prime factors of 14250184?
2, 13, 73, 1877
List the prime factors of 2589801.
3, 151, 5717
What are the prime factors of 908685?
3, 5, 53, 127
What are the prime factors of 59677?
83, 719
What are the prime factors of 7865?
5, 11, 13
List the prime factors of 156583.
7, 22369
What are the prime factors of 208744?
2, 97, 269
List the prime factors of 4683715.
5, 59, 15877
List the prime factors of 17840030.
2, 5, 13, 109, 1259
What are the prime factors of 194987?
13, 53, 283
What are the prime factors of 26708370?
2, 3, 5, 13, 68483
What are the prime factor